{"id":11,"date":"2019-11-12T11:39:02","date_gmt":"2019-11-12T11:39:02","guid":{"rendered":"http:\/\/test.maxmathias.de\/?page_id=11"},"modified":"2024-08-14T09:25:21","modified_gmt":"2024-08-14T09:25:21","slug":"leistungen","status":"publish","type":"page","link":"https:\/\/katharina-merkel.de\/?page_id=11","title":{"rendered":"Leistungen"},"content":{"rendered":"\t\t<div data-elementor-type=\"wp-page\" data-elementor-id=\"11\" class=\"elementor elementor-11\">\n\t\t\t\t\t\t<section class=\"elementor-section elementor-top-section elementor-element elementor-element-d94eb17 elementor-section-boxed elementor-section-height-default elementor-section-height-default\" data-id=\"d94eb17\" data-element_type=\"section\" data-e-type=\"section\">\n\t\t\t\t\t\t<div class=\"elementor-container elementor-column-gap-default\">\n\t\t\t\t\t<div class=\"elementor-column elementor-col-100 elementor-top-column elementor-element elementor-element-0aa4905\" data-id=\"0aa4905\" data-element_type=\"column\" data-e-type=\"column\">\n\t\t\t<div class=\"elementor-widget-wrap elementor-element-populated\">\n\t\t\t\t\t\t<section class=\"elementor-section elementor-inner-section elementor-element elementor-element-21f882e elementor-section-boxed elementor-section-height-default elementor-section-height-default\" data-id=\"21f882e\" data-element_type=\"section\" data-e-type=\"section\">\n\t\t\t\t\t\t<div class=\"elementor-container elementor-column-gap-default\">\n\t\t\t\t\t<div class=\"elementor-column elementor-col-50 elementor-inner-column elementor-element elementor-element-253f114\" data-id=\"253f114\" data-element_type=\"column\" data-e-type=\"column\">\n\t\t\t<div class=\"elementor-widget-wrap elementor-element-populated\">\n\t\t\t\t\t\t<div class=\"elementor-element elementor-element-bfb81b9 elementor-widget elementor-widget-image\" data-id=\"bfb81b9\" data-element_type=\"widget\" data-e-type=\"widget\" data-widget_type=\"image.default\">\n\t\t\t\t<div class=\"elementor-widget-container\">\n\t\t\t\t\t\t\t\t\t\t\t\t\t\t\t<img fetchpriority=\"high\" decoding=\"async\" width=\"600\" height=\"413\" src=\"https:\/\/katharina-merkel.de\/wp-content\/uploads\/2023\/08\/admin-ajax.php_.jpeg\" class=\"attachment-large size-large wp-image-7039\" alt=\"\" srcset=\"https:\/\/katharina-merkel.de\/wp-content\/uploads\/2023\/08\/admin-ajax.php_.jpeg 600w, https:\/\/katharina-merkel.de\/wp-content\/uploads\/2023\/08\/admin-ajax.php_-300x207.jpeg 300w, https:\/\/katharina-merkel.de\/wp-content\/uploads\/2023\/08\/admin-ajax.php_-87x60.jpeg 87w\" sizes=\"(max-width: 600px) 100vw, 600px\" \/>\t\t\t\t\t\t\t\t\t\t\t\t\t\t\t<\/div>\n\t\t\t\t<\/div>\n\t\t\t\t\t<\/div>\n\t\t<\/div>\n\t\t\t\t<div class=\"elementor-column elementor-col-50 elementor-inner-column elementor-element elementor-element-e2c4821\" data-id=\"e2c4821\" data-element_type=\"column\" data-e-type=\"column\">\n\t\t\t<div class=\"elementor-widget-wrap elementor-element-populated\">\n\t\t\t\t\t\t<div class=\"elementor-element elementor-element-daddd57 elementor-widget elementor-widget-text-editor\" data-id=\"daddd57\" data-element_type=\"widget\" data-e-type=\"widget\" data-widget_type=\"text-editor.default\">\n\t\t\t\t<div class=\"elementor-widget-container\">\n\t\t\t\t\t\t\t\t\t<p style=\"margin-right: 0px; margin-bottom: 0px; margin-left: 0px; text-align: center; font-style: normal; font-variant-caps: normal; font-stretch: normal; font-size: 20px; line-height: normal; font-family: 'Helvetica Neue'; font-size-adjust: none; font-kerning: auto; font-variant-alternates: normal; font-variant-ligatures: normal; font-variant-numeric: normal; font-variant-east-asian: normal; font-variant-position: normal; font-feature-settings: normal; font-optical-sizing: auto; font-variation-settings: normal;\"><strong>Nageldesign<\/strong><\/p>\n<p>&nbsp;<\/p>\n<p style=\"margin-right: 0px; margin-left: 0px; font-style: normal; font-variant-caps: normal; font-stretch: normal; font-size: 15px; line-height: normal; font-family: 'Helvetica Neue'; font-size-adjust: none; font-kerning: auto; font-variant-alternates: normal; font-variant-ligatures: normal; font-variant-numeric: normal; font-variant-east-asian: normal; font-variant-position: normal; font-feature-settings: normal; font-optical-sizing: auto; font-variation-settings: normal;\">Bei mir erh\u00e4ltst Du alles rund um den Nagel. Von der klassischen Manik\u00fcre \u00fcber Shellac bis hin zur Nagelmodellage mit Gel. Verl\u00e4ngerung \u00fcber Schablone. In meinem Studio verwende ich die Produkte von Jet Set Beauty<\/p>\t\t\t\t\t\t\t\t<\/div>\n\t\t\t\t<\/div>\n\t\t\t\t\t<\/div>\n\t\t<\/div>\n\t\t\t\t\t<\/div>\n\t\t<\/section>\n\t\t\t\t<section class=\"elementor-section elementor-inner-section elementor-element elementor-element-a889c2e elementor-section-boxed elementor-section-height-default elementor-section-height-default\" data-id=\"a889c2e\" data-element_type=\"section\" data-e-type=\"section\">\n\t\t\t\t\t\t<div class=\"elementor-container elementor-column-gap-default\">\n\t\t\t\t\t<div class=\"elementor-column elementor-col-50 elementor-inner-column elementor-element elementor-element-b08df5c\" data-id=\"b08df5c\" data-element_type=\"column\" data-e-type=\"column\">\n\t\t\t<div class=\"elementor-widget-wrap elementor-element-populated\">\n\t\t\t\t\t\t<div class=\"elementor-element elementor-element-e1b4fb1 elementor-widget elementor-widget-image\" data-id=\"e1b4fb1\" data-element_type=\"widget\" data-e-type=\"widget\" data-widget_type=\"image.default\">\n\t\t\t\t<div class=\"elementor-widget-container\">\n\t\t\t\t\t\t\t\t\t\t\t\t\t\t\t<img decoding=\"async\" width=\"600\" height=\"600\" src=\"https:\/\/katharina-merkel.de\/wp-content\/uploads\/2023\/08\/admin-ajax.php_.png\" class=\"attachment-large size-large wp-image-7040\" alt=\"\" srcset=\"https:\/\/katharina-merkel.de\/wp-content\/uploads\/2023\/08\/admin-ajax.php_.png 600w, https:\/\/katharina-merkel.de\/wp-content\/uploads\/2023\/08\/admin-ajax.php_-300x300.png 300w, https:\/\/katharina-merkel.de\/wp-content\/uploads\/2023\/08\/admin-ajax.php_-150x150.png 150w, https:\/\/katharina-merkel.de\/wp-content\/uploads\/2023\/08\/admin-ajax.php_-60x60.png 60w\" sizes=\"(max-width: 600px) 100vw, 600px\" \/>\t\t\t\t\t\t\t\t\t\t\t\t\t\t\t<\/div>\n\t\t\t\t<\/div>\n\t\t\t\t\t<\/div>\n\t\t<\/div>\n\t\t\t\t<div class=\"elementor-column elementor-col-50 elementor-inner-column elementor-element elementor-element-dd93f1a\" data-id=\"dd93f1a\" data-element_type=\"column\" data-e-type=\"column\">\n\t\t\t<div class=\"elementor-widget-wrap elementor-element-populated\">\n\t\t\t\t\t\t<div class=\"elementor-element elementor-element-c68a296 elementor-widget elementor-widget-text-editor\" data-id=\"c68a296\" data-element_type=\"widget\" data-e-type=\"widget\" data-widget_type=\"text-editor.default\">\n\t\t\t\t<div class=\"elementor-widget-container\">\n\t\t\t\t\t\t\t\t\t<p style=\"margin-right: 0px; margin-bottom: 0px; margin-left: 0px; text-align: center; font-style: normal; font-variant-caps: normal; font-stretch: normal; font-size: 20px; line-height: normal; font-family: 'Helvetica Neue'; font-size-adjust: none; font-kerning: auto; font-variant-alternates: normal; font-variant-ligatures: normal; font-variant-numeric: normal; font-variant-east-asian: normal; font-variant-position: normal; font-feature-settings: normal; font-optical-sizing: auto; font-variation-settings: normal;\"><strong>Haarentfernung<\/strong><br \/><strong>mit IPL<\/strong><\/p><p>\u00a0<\/p><p style=\"margin-right: 0px; margin-bottom: 20px; margin-left: 0px; font-style: normal; font-variant-caps: normal; font-stretch: normal; font-size: 15px; line-height: normal; font-family: 'Helvetica Neue'; font-size-adjust: none; font-kerning: auto; font-variant-alternates: normal; font-variant-ligatures: normal; font-variant-numeric: normal; font-variant-east-asian: normal; font-variant-position: normal; font-feature-settings: normal; font-optical-sizing: auto; font-variation-settings: normal;\">statt epilieren, wachsen, sugarn oder rasieren&#8230;<\/p><p style=\"margin-right: 0px; margin-bottom: 0px; margin-left: 0px; font-style: normal; font-variant-caps: normal; font-stretch: normal; font-size: 15px; line-height: normal; font-family: 'Helvetica Neue'; font-size-adjust: none; font-kerning: auto; font-variant-alternates: normal; font-variant-ligatures: normal; font-variant-numeric: normal; font-variant-east-asian: normal; font-variant-position: normal; font-feature-settings: normal; font-optical-sizing: auto; font-variation-settings: normal;\">Eine einfache Alternative l\u00e4stige oder unerw\u00fcnschte Haare an den verschiedensten K\u00f6rperregionen loszuwerden. Der h\u00e4ufigste Grund einer IPL Haarentfernung ist das Ausschalten der sonst bei den o.g. Methoden auftretenden Nebenwirkungen , wie z.B. Hautausschl\u00e4ge, Rasierpickel und -Pusteln etc.<\/p><p style=\"margin-right: 0px; margin-bottom: 0px; margin-left: 0px; font-style: normal; font-variant-caps: normal; font-stretch: normal; font-size: 15px; line-height: normal; font-family: 'Helvetica Neue'; font-size-adjust: none; font-kerning: auto; font-variant-alternates: normal; font-variant-ligatures: normal; font-variant-numeric: normal; font-variant-east-asian: normal; font-variant-position: normal; font-feature-settings: normal; font-optical-sizing: auto; font-variation-settings: normal;\">Mittels Intensed Pulsed Light wird die Haarwurzel dauerhaft zerst\u00f6rt, das Haar f\u00e4llt aus, die Wurzel kann kein neues Haar mehr bilden.<\/p><p style=\"margin-right: 0px; margin-left: 0px; font-style: normal; font-variant-caps: normal; font-stretch: normal; font-size: 15px; line-height: normal; font-family: 'Helvetica Neue'; font-size-adjust: none; font-kerning: auto; font-variant-alternates: normal; font-variant-ligatures: normal; font-variant-numeric: normal; font-variant-east-asian: normal; font-variant-position: normal; font-feature-settings: normal; font-optical-sizing: auto; font-variation-settings: normal;\">\u00a0<\/p>\t\t\t\t\t\t\t\t<\/div>\n\t\t\t\t<\/div>\n\t\t\t\t\t<\/div>\n\t\t<\/div>\n\t\t\t\t\t<\/div>\n\t\t<\/section>\n\t\t\t\t\t<\/div>\n\t\t<\/div>\n\t\t\t\t\t<\/div>\n\t\t<\/section>\n\t\t\t\t<\/div>\n\t\t","protected":false},"excerpt":{"rendered":"<p>Nageldesign &nbsp; Bei mir erh\u00e4ltst Du alles rund um den Nagel. Von der klassischen Manik\u00fcre \u00fcber Shellac bis hin zur Nagelmodellage mit Gel. Verl\u00e4ngerung \u00fcber Schablone. In meinem Studio verwende &hellip; <\/p>\n","protected":false},"author":1,"featured_media":0,"parent":0,"menu_order":0,"comment_status":"closed","ping_status":"closed","template":"","meta":{"footnotes":""},"class_list":["post-11","page","type-page","status-publish","hentry"],"_links":{"self":[{"href":"https:\/\/katharina-merkel.de\/index.php?rest_route=\/wp\/v2\/pages\/11","targetHints":{"allow":["GET"]}}],"collection":[{"href":"https:\/\/katharina-merkel.de\/index.php?rest_route=\/wp\/v2\/pages"}],"about":[{"href":"https:\/\/katharina-merkel.de\/index.php?rest_route=\/wp\/v2\/types\/page"}],"author":[{"embeddable":true,"href":"https:\/\/katharina-merkel.de\/index.php?rest_route=\/wp\/v2\/users\/1"}],"replies":[{"embeddable":true,"href":"https:\/\/katharina-merkel.de\/index.php?rest_route=%2Fwp%2Fv2%2Fcomments&post=11"}],"version-history":[{"count":41,"href":"https:\/\/katharina-merkel.de\/index.php?rest_route=\/wp\/v2\/pages\/11\/revisions"}],"predecessor-version":[{"id":7129,"href":"https:\/\/katharina-merkel.de\/index.php?rest_route=\/wp\/v2\/pages\/11\/revisions\/7129"}],"wp:attachment":[{"href":"https:\/\/katharina-merkel.de\/index.php?rest_route=%2Fwp%2Fv2%2Fmedia&parent=11"}],"curies":[{"name":"wp","href":"https:\/\/api.w.org\/{rel}","templated":true}]}}

<div data-elementor-type="wp-page" data-elementor-id="11" class="elementor elementor-11">
						<section class="elementor-section elementor-top-section elementor-element elementor-element-d94eb17 elementor-section-boxed elementor-section-height-default elementor-section-height-default" data-id="d94eb17" data-element_type="section" data-e-type="section">
						<div class="elementor-container elementor-column-gap-default">
					<div class="elementor-column elementor-col-100 elementor-top-column elementor-element elementor-element-0aa4905" data-id="0aa4905" data-element_type="column" data-e-type="column">
			<div class="elementor-widget-wrap elementor-element-populated">
						<section class="elementor-section elementor-inner-section elementor-element elementor-element-21f882e elementor-section-boxed elementor-section-height-default elementor-section-height-default" data-id="21f882e" data-element_type="section" data-e-type="section">
						<div class="elementor-container elementor-column-gap-default">
					<div class="elementor-column elementor-col-50 elementor-inner-column elementor-element elementor-element-253f114" data-id="253f114" data-element_type="column" data-e-type="column">
			<div class="elementor-widget-wrap elementor-element-populated">
						<div class="elementor-element elementor-element-bfb81b9 elementor-widget elementor-widget-image" data-id="bfb81b9" data-element_type="widget" data-e-type="widget" data-widget_type="image.default">
				<div class="elementor-widget-container">
															<img fetchpriority="high" decoding="async" width="600" height="413" src="https://katharina-merkel.de/wp-content/uploads/2023/08/admin-ajax.php_.jpeg" class="attachment-large size-large wp-image-7039" alt="" srcset="https://katharina-merkel.de/wp-content/uploads/2023/08/admin-ajax.php_.jpeg 600w, https://katharina-merkel.de/wp-content/uploads/2023/08/admin-ajax.php_-300x207.jpeg 300w, https://katharina-merkel.de/wp-content/uploads/2023/08/admin-ajax.php_-87x60.jpeg 87w" sizes="(max-width: 600px) 100vw, 600px" />															</div>
				</div>
					</div>
		</div>
				<div class="elementor-column elementor-col-50 elementor-inner-column elementor-element elementor-element-e2c4821" data-id="e2c4821" data-element_type="column" data-e-type="column">
			<div class="elementor-widget-wrap elementor-element-populated">
						<div class="elementor-element elementor-element-daddd57 elementor-widget elementor-widget-text-editor" data-id="daddd57" data-element_type="widget" data-e-type="widget" data-widget_type="text-editor.default">
				<div class="elementor-widget-container">
									<p style="margin-right: 0px; margin-bottom: 0px; margin-left: 0px; text-align: center; font-style: normal; font-variant-caps: normal; font-stretch: normal; font-size: 20px; line-height: normal; font-family: 'Helvetica Neue'; font-size-adjust: none; font-kerning: auto; font-variant-alternates: normal; font-variant-ligatures: normal; font-variant-numeric: normal; font-variant-east-asian: normal; font-variant-position: normal; font-feature-settings: normal; font-optical-sizing: auto; font-variation-settings: normal;"><strong>Nageldesign</strong></p>
<p>&nbsp;</p>
<p style="margin-right: 0px; margin-left: 0px; font-style: normal; font-variant-caps: normal; font-stretch: normal; font-size: 15px; line-height: normal; font-family: 'Helvetica Neue'; font-size-adjust: none; font-kerning: auto; font-variant-alternates: normal; font-variant-ligatures: normal; font-variant-numeric: normal; font-variant-east-asian: normal; font-variant-position: normal; font-feature-settings: normal; font-optical-sizing: auto; font-variation-settings: normal;">Bei mir erhältst Du alles rund um den Nagel. Von der klassischen Maniküre über Shellac bis hin zur Nagelmodellage mit Gel. Verlängerung über Schablone. In meinem Studio verwende ich die Produkte von Jet Set Beauty</p>								</div>
				</div>
					</div>
		</div>
					</div>
		</section>
				<section class="elementor-section elementor-inner-section elementor-element elementor-element-a889c2e elementor-section-boxed elementor-section-height-default elementor-section-height-default" data-id="a889c2e" data-element_type="section" data-e-type="section">
						<div class="elementor-container elementor-column-gap-default">
					<div class="elementor-column elementor-col-50 elementor-inner-column elementor-element elementor-element-b08df5c" data-id="b08df5c" data-element_type="column" data-e-type="column">
			<div class="elementor-widget-wrap elementor-element-populated">
						<div class="elementor-element elementor-element-e1b4fb1 elementor-widget elementor-widget-image" data-id="e1b4fb1" data-element_type="widget" data-e-type="widget" data-widget_type="image.default">
				<div class="elementor-widget-container">
															<img decoding="async" width="600" height="600" src="https://katharina-merkel.de/wp-content/uploads/2023/08/admin-ajax.php_.png" class="attachment-large size-large wp-image-7040" alt="" srcset="https://katharina-merkel.de/wp-content/uploads/2023/08/admin-ajax.php_.png 600w, https://katharina-merkel.de/wp-content/uploads/2023/08/admin-ajax.php_-300x300.png 300w, https://katharina-merkel.de/wp-content/uploads/2023/08/admin-ajax.php_-150x150.png 150w, https://katharina-merkel.de/wp-content/uploads/2023/08/admin-ajax.php_-60x60.png 60w" sizes="(max-width: 600px) 100vw, 600px" />															</div>
				</div>
					</div>
		</div>
				<div class="elementor-column elementor-col-50 elementor-inner-column elementor-element elementor-element-dd93f1a" data-id="dd93f1a" data-element_type="column" data-e-type="column">
			<div class="elementor-widget-wrap elementor-element-populated">
						<div class="elementor-element elementor-element-c68a296 elementor-widget elementor-widget-text-editor" data-id="c68a296" data-element_type="widget" data-e-type="widget" data-widget_type="text-editor.default">
				<div class="elementor-widget-container">
									<p style="margin-right: 0px; margin-bottom: 0px; margin-left: 0px; text-align: center; font-style: normal; font-variant-caps: normal; font-stretch: normal; font-size: 20px; line-height: normal; font-family: 'Helvetica Neue'; font-size-adjust: none; font-kerning: auto; font-variant-alternates: normal; font-variant-ligatures: normal; font-variant-numeric: normal; font-variant-east-asian: normal; font-variant-position: normal; font-feature-settings: normal; font-optical-sizing: auto; font-variation-settings: normal;"><strong>Haarentfernung</strong><br /><strong>mit IPL</strong></p><p> </p><p style="margin-right: 0px; margin-bottom: 20px; margin-left: 0px; font-style: normal; font-variant-caps: normal; font-stretch: normal; font-size: 15px; line-height: normal; font-family: 'Helvetica Neue'; font-size-adjust: none; font-kerning: auto; font-variant-alternates: normal; font-variant-ligatures: normal; font-variant-numeric: normal; font-variant-east-asian: normal; font-variant-position: normal; font-feature-settings: normal; font-optical-sizing: auto; font-variation-settings: normal;">statt epilieren, wachsen, sugarn oder rasieren&#8230;</p><p style="margin-right: 0px; margin-bottom: 0px; margin-left: 0px; font-style: normal; font-variant-caps: normal; font-stretch: normal; font-size: 15px; line-height: normal; font-family: 'Helvetica Neue'; font-size-adjust: none; font-kerning: auto; font-variant-alternates: normal; font-variant-ligatures: normal; font-variant-numeric: normal; font-variant-east-asian: normal; font-variant-position: normal; font-feature-settings: normal; font-optical-sizing: auto; font-variation-settings: normal;">Eine einfache Alternative lästige oder unerwünschte Haare an den verschiedensten Körperregionen loszuwerden. Der häufigste Grund einer IPL Haarentfernung ist das Ausschalten der sonst bei den o.g. Methoden auftretenden Nebenwirkungen , wie z.B. Hautausschläge, Rasierpickel und -Pusteln etc.</p><p style="margin-right: 0px; margin-bottom: 0px; margin-left: 0px; font-style: normal; font-variant-caps: normal; font-stretch: normal; font-size: 15px; line-height: normal; font-family: 'Helvetica Neue'; font-size-adjust: none; font-kerning: auto; font-variant-alternates: normal; font-variant-ligatures: normal; font-variant-numeric: normal; font-variant-east-asian: normal; font-variant-position: normal; font-feature-settings: normal; font-optical-sizing: auto; font-variation-settings: normal;">Mittels Intensed Pulsed Light wird die Haarwurzel dauerhaft zerstört, das Haar fällt aus, die Wurzel kann kein neues Haar mehr bilden.</p><p style="margin-right: 0px; margin-left: 0px; font-style: normal; font-variant-caps: normal; font-stretch: normal; font-size: 15px; line-height: normal; font-family: 'Helvetica Neue'; font-size-adjust: none; font-kerning: auto; font-variant-alternates: normal; font-variant-ligatures: normal; font-variant-numeric: normal; font-variant-east-asian: normal; font-variant-position: normal; font-feature-settings: normal; font-optical-sizing: auto; font-variation-settings: normal;"> </p>								</div>
				</div>
					</div>
		</div>
					</div>
		</section>
					</div>
		</div>
					</div>
		</section>
				</div>

<p>Nageldesign &nbsp; Bei mir erhältst Du alles rund um den Nagel. Von der klassischen Maniküre über Shellac bis hin zur Nagelmodellage mit Gel. Verlängerung über Schablone. In meinem Studio verwende &hellip; </p>
